 h - 1 - 4, -3*x + 58 = -h. What is the units digit of x?
1
Let m = 4 + 18. What is the tens digit of m?
2
Let y = 25 + -20. Let v = -3 + y. What is the units digit of v?
2
Let x = -8 - -43. What is the units digit of x?
5
Let m(y) = y**3 - 16*y**2 + 34*y - 1. What is the units digit of m(14)?
3
Let r(f) = 2*f + 5. Let q(s) = -1. Let v(c) = -4*q(c) - r(c). Let k be v(6). Let m = -8 - k. What is the units digit of m?
5
Suppose 3*f = u - 10, -8 + 30 = 3*u - 5*f. Suppose 53 - 5 = u*b. What is the tens digit of b?
1
Suppose -2*i + 97 = j, -196 = j - 3*j - 5*i. What is the units digit of j?
3
Let l = 263 + -172. What is the tens digit of l?
9
Suppose 9*t - 4*t - 64 = -u, 0 = 2*u - 3*t - 76. Let w = u + -31. What is the tens digit of w?
1
Let m = 7 - 5. What is the units digit of m?
2
Suppose -5*r + 225 = -2*r. What is the tens digit of r?
7
Let g = 241 - 107. What is the units digit of g?
4
Let w(u) = 6 + 6*u**2 + 3*u + u**3 + u**2 - 8. What is the units digit of w(-4)?
4
Suppose 4*q = -7*p + 4*p + 11, -3 = -4*q + 5*p. Let s be 2/q*(3 + 1). Suppose -s*r + r = -6. What is the units digit of r?
2
Suppose a - 5*s - 63 = 0, -2*a + 7*s = 3*s - 126. What is the units digit of a?
3
Suppose -c = 4*c - 10. Suppose -c*m + m = -5. Suppose -6 = m*u - 16. What is the units digit of u?
2
Let o = -63 + 296. What is the units digit of o?
3
Suppose -2*b = -5*a + 3*b + 10, -3*a = -4*b - 7. What is the units digit of (-546)/(-14) - (a - 0)?
8
Suppose -5*i - 86 = -h, -36 = -2*h - 4*i + 192. What is the hundreds digit of h?
1
Let k = 18 + 80. What is the tens digit of k?
9
Suppose -3*a + r = -20, 2*r - 4*r - 35 = -5*a. Suppose 2*h = -a*l - 0*h + 15, -h = l. What is the units digit of l?
5
Let d(c) = -c**2 + c + 5. Let t be d(0). Let m = 8 - -1. Suppose 0*s = s + t*y - m, 0 = 4*s - 2*y - 36. What is the units digit of s?
9
Let s(i) = 6*i + i**2 - 3*i - 2*i. Let l be s(-3). Suppose -l + 33 = 3*d. What is the units digit of d?
9
Suppose 0 = -4*r + 3*r + 4*a + 29, 5*r - 4*a - 113 = 0. What is the tens digit of r?
2
Suppose 3 + 3 = -3*y. Let c be (8/y)/((-4)/34). Let a = c + -23. What is the tens digit of a?
1
Suppose 2*o + 14 = -0. Let g be o/(-4) - 1/(-4). Suppose 27 = k + g*k + 5*h, -3*h = -5*k + 11. What is the units digit of k?
4
Let o be (5/((-5)/2))/(-1). Suppose o*y - 3*y + 37 = 0. What is the units digit of y?
7
Let d(t) = -9*t - 1. What is the units digit of d(-2)?
7
Suppose 5*c = 79 + 66. What is the units digit of c?
9
Let o be (5 - -3)*-5*-1. Suppose 17*h - o = 13*h. What is the tens digit of h?
1
Suppose 61 = 3*p - 5*t, 4*p + 5*t - 58 = -0*p. Let c = -47 + 36. Let w = p + c. What is the units digit of w?
6
Let a(f) = 4*f - 1. Let i be a(14). Suppose 3*t - 12 = v, -t = 4*v - 0*v + 9. Suppose -t*c - 1 = -i. What is the units digit of c?
8
Suppose 21 + 2 = q. What is the tens digit of q?
2
Suppose 4*q - 4*w - 72 = 268, -4*q + 328 = 2*w. What is the units digit of q?
3
Suppose 2*c + 1 = 13. What is the units digit of 9/c*124/6?
1
Suppose z - 103 = 18. What is the units digit of z?
1
Let z(f) = f**2 + 5*f + 2. Let v be z(-6). Let n = 4 - 7. Let u = v + n. What is the units digit of u?
5
Let h = 46 - -92. What is the tens digit of h?
3
Let u(b) = b**2 - b + 1. Let o(h) = 5*h**3 + 6*h**2 - 2*h + 6. Let y(a) = -o(a) + 5*u(a). What is the units digit of y(-2)?
1
Let i be (-1)/(8/(-20))*2. Suppose -i*c = -0*c - 155. What is the units digit of c?
1
Suppose 0 = -4*a + 2*j + 318, 0 = 2*a + 3*a - 3*j - 396. What is the units digit of a?
1
Suppose -5*b = -3*d + 25, -2*b - 3 - 1 = 0. Suppose -3*z - 2*z = d*s - 70, 5*s - 2*z - 56 = 0. What is the tens digit of s?
1
Suppose 0 = -5*b - 5*k + 135, -33 = 5*b - k - 192. What is the units digit of b?
1
Suppose 2*n - 6*n + 32 = 0. Let m(y) = y**3 - 8*y**2 + y + 1. What is the units digit of m(n)?
9
Let h be ((-4)/(-16))/(2/88). Suppose 3*n = 2*n + h. What is the units digit of n?
1
Let s(o) = -o - 1. Let v be s(-3). Suppose v*r = 6 - 2. What is the units digit of r + (-6 - -3) + 3?
2
Suppose 9*m - 5*m = 48. What is the units digit of m?
2
Let x(q) be the second derivative of q**5/20 - q**4/3 - q**3/3 - q**2/2 + 2*q. What is the units digit of x(5)?
4
Let f = -33 + 17. Suppose 5*h - b + 3*b = 5, 4*b = -20. What is the units digit of f/(-12) - (-2)/h?
2
Suppose -5*t + 155 = -0*t. What is the tens digit of t?
3
Let u(a) = a**3 + 12*a**2 + 7*a - 13. What is the tens digit of u(-6)?
6
Suppose -5*t + 0*t - 4*s + 66 = 0, -18 = -t - 2*s. Let c(o) = 4 + 9 - 2 - o. What is the units digit of c(t)?
1
Suppose -u = z + z - 11, -2*u + 3*z + 1 = 0. Let d = 10 + u. What is the tens digit of d?
1
Let v(f) = 3*f**2 + f - 1. Let d be v(1). Suppose -2*q = 2*m - 36, d*q - 3*m - 3 = 27. What is the units digit of q?
4
Let k(l) = -l**3 - 6*l**2 - 5*l + 1. Let t(i) = -7*i**2 + i**2 - i + 6*i + i**3 - 5. Let x be t(5). What is the units digit of k(x)?
1
Let a = 9 - -12. What is the units digit of a?
1
Let y = -63 + 20. Let j = -31 - y. What is the tens digit of j?
1
Let d = 18 - 12. What is the units digit of (-2 - 4)/(d/(-9))?
9
Let w be (10/(-6) - -1)*-3. Suppose -53 + 17 = w*h. Let c = -8 - h. What is the tens digit of c?
1
Let n(z) = 5 + z - 3 + 3 - 4. Let m be n(-1). What is the tens digit of (1 - 2) + m + 13?
1
Let z be 192/9 + (-4)/(-6). Suppose 5*b - 2*i = -0*b + z, 4*b = 2*i + 16. What is the units digit of b?
6
Let d(v) = v**2 + 4*v + 4. Suppose 0 = -2*u - u - 9. Let h be d(u). Suppose 0 = l - h. What is the units digit of l?
1
Let b = 9 - 7. Let q be (14/(-3))/(b/(-24)). Suppose -2*n - q = -6*n. What is the units digit of n?
4
Suppose -6 = 4*p - 2, p = 4*s + 7. Suppose 0*k = k + 2. What is the units digit of s - (-1 + -5 + k)?
6
Let p(z) = z**2 + 5. Let r(c) = -c**2 + 5*c**2 + 4 - 3*c**2. Let i(u) = 6*p(u) - 5*r(u). What is the tens digit of i(0)?
1
Let f(u) = 14*u + 1. What is the tens digit of f(1)?
1
Suppose -2*u + 144 = 2*u. What is the tens digit of u?
3
What is the units digit of 236*(10/36 - 12/(-54))?
8
Suppose -6*d = -d - 5*b, 3*d + b - 8 = 0. Let o be (55/10)/((-2)/(-4)). Suppose -d*g = -g - o. What is the units digit of g?
1
Let k be 1*2/4*0. Suppose -7*s - 4*q - 4 = -3*s, k = -2*q - 4. Let y(c) = 2*c**3 - c. What is the units digit of y(s)?
1
Let j(k) = 5*k - 10. Let x be j(-8). Let o be x/4 - 3/6. Let n = o + 20. What is the units digit of n?
7
Suppose 0 = -5*c + 61 - 191. Let d be (1 + c)*2/5. Let s = -7 - d. What is the units digit of s?
3
Let w(v) = -v**2 - 12*v + 11. Let j = -16 + 6. What is the units digit of w(j)?
1
Let n(b) = b**3 - b**2 + 4. Let g be n(0). Suppose 2*t = -8, -g*k + 2*t = 3*t - 28. What is the units digit of k?
8
Let g be (2/4)/((-1)/(-24)). Let d be (2 + 2)*2/4. Suppose 5*s = -t - g - 0, -d*t - 2*s = 0. What is the units digit of t?
3
Suppose 7 = 6*t - 11. What is the units digit of t?
3
Let n = -107 + 115. What is the units digit of n?
8
Let n be (-15)/(-25) - (-34)/10. What is the units digit of (n/(-3))/(2/(-60))?
0
Let z = -22 - -31. What is the units digit of z?
9
Let a(w) = -w**3 + 23. Let m be a(0). Suppose 3*d + 2*f = m, -2*d - 5*f + 40 = 2*d. What is the units digit of d?
5
Let j = 1 - -49. What is the tens digit of j?
5
Let v(q) = -q + 13. Let b be v(11). Suppose g = 6 - b. What is the units digit of g?
4
Suppose 3*f = -k + 11, k = 3*k - 3*f + 14. What is the units digit of k/4 - (-26)/8?
3
Suppose 0 = -3*u + 2*u + 55. What is the tens digit of u?
5
Let u(j) = -j**3 - 2*j**2 + j + 2. Let w be (-3)/(-3) + 0 - -4. Suppose -w*y - 13 = 2. What is the units digit of u(y)?
8
Let j(h) = 6*h**2 + 2*h + 3. Suppose -3*f - 5 = -2*n, -3*f + 1 - 2 = -4*n. What is the tens digit of j(n)?
2
Suppose -5*n + 0*n = 20. Let f(t) = t**2 + 3*t + 1. Let w be f(n). What is the units digit of 1/((-4)/w - -1)?
5
Let v(y) = 3*y + 6. Let z(g) = 7*g + 11. Let h(j) = -7*v(j) + 4*z(j). What is the tens digit of h(2)?
1
Suppose 6*z - 9*z + 9 = 0. Suppose 0 = -z*m + 2 + 4. What is the units digit of m?
2
Suppose -2*d - 13 = -3*j, 2 = -3*j - 3*d + 2*d. Let y(n) = 9*n. What is the units digit of y(j)?
9
Suppose 0 = -2*p - 2*p - 3*t + 287, -4*p + t = -267. Suppose -3*i + p = -16. What is the tens digit of i?
2
What is the units digit of 4/(-18) + ((-3480)/(-27))/4?
2
Suppose p + 3 = 4*q - 4, 4*q = -2*p + 10. Suppose -d - 2 = -3*d +